103*y + 8556 = 0. What is the highest common divisor of 156 and y?
4
Suppose -3*a = -0*w + 2*w - 29, 2*w - 4*a - 8 = 0. Suppose -t + 145 = -2*d - d, -775 = -5*t + 5*d. What is the greatest common factor of w and t?
10
Suppose -d - 76 = 4*x - 2161, x + 2 = 0. Calculate the highest common divisor of 169 and d.
13
Let h be (-108)/6 + 5 + 21 + -7. Suppose -21 = -2*i + 23. What is the greatest common factor of h and i?
1
Let s = -4054 + 16901. Calculate the highest common divisor of s and 29.
29
Let j(y) = -y**3 - 11*y**2 + 34*y + 286. Let o be j(-13). Calculate the highest common factor of o and 322.
14
Suppose -2*z = -263 - 3. Suppose 20*v + z - 4293 = 0. Calculate the highest common factor of 32 and v.
16
Suppose -3*m = -d, -m + 4 = 4*d + 17. Let b be d/(-6) + (-247)/(-2). Let j = b - 113. What is the greatest common factor of 2 and j?
1
Suppose -348*y + 340*y + 8496 = 0. Calculate the greatest common factor of 36 and y.
18
Suppose 3*k - 23138 = z, -19*z + 12*z - 30862 = -4*k. Calculate the highest common factor of 32 and k.
32
Let a = -90 + 160. Suppose -19*n - a = -20*n. Let k = n - 41. Calculate the greatest common divisor of 232 and k.
29
Let i = -18 + -139. Let p = 290 + i. Calculate the greatest common factor of 57 and p.
19
Let u = 120 + -73. Let t = 72 - u. Suppose -4*s = 4*y - 96, 2*y + 3*y = t. Calculate the greatest common divisor of s and 19.
19
Let y(n) = -n**3 - 4*n**2 + 5*n + 2. Let b be y(-5). Suppose -4*x + 84 = -4*v, 3*x + 5*v = 7*x - 80. Calculate the greatest common divisor of b and x.
1
Let h = -158 + 167. Suppose -h*n = -29*n + 140. Calculate the highest common factor of 112 and n.
7
Let h be -114*(1 + 24/(-18)). Suppose -u - 88 = 2*n - 269, -2*u + 4*n = -322. What is the greatest common factor of h and u?
19
Let a = -624 + 622. Let g be (24/30)/(2/65). Let n = a + g. Calculate the greatest common divisor of n and 32.
8
Let k = 5626 + -5158. Calculate the highest common divisor of k and 52.
52
Let n = -433 + 458. Suppose z = 4*t - 11 - 1, 0 = 2*z - 5*t + 15. Suppose -5*d + 53 - 3 = z. What is the highest common factor of n and d?
5
Let k(p) = 7*p**2 + 244*p - 9. Let g be k(-35). Suppose 0 = -4*q + 28 + 24. Calculate the greatest common factor of q and g.
13
Let v(l) = 2*l**3 + 3*l**2 - 3*l + 2. Let j be v(2). Suppose 4*z - 58 = -2*s + 86, 4*s - 288 = 2*z. What is the highest common divisor of s and j?
24
Let k be ((-2)/6)/((-52)/7488*6/3). What is the highest common divisor of 616 and k?
8
Let q be -8*(-1 - (0 - -2)). Let z = -33003 + 33135. What is the greatest common divisor of z and q?
12
Let r be 1/4 + 34/(-72) + (-86690)/(-90). What is the greatest common divisor of r and 36?
9
Let r be ((-5600)/480)/((-1)/3). What is the greatest common divisor of r and 725?
5
Let x = -8562 + 8682. Calculate the highest common factor of 264 and x.
24
Let i = -6638 + 6746. Calculate the highest common divisor of i and 1524.
12
Let y be (-16)/(-4) - -1 - 3. Suppose 2*h + 3*c = 48 - 19, -y = h - 4*c. Let b be ((-2)/(-2))/((-4)/(-40)). What is the highest common divisor of h and b?
10
Let a be (-132)/(-297) + (-12)/27. Suppose 9*y - 600 - 21 = a. What is the highest common factor of y and 92?
23
Suppose 13*s - 16 - 36 = 0. Let d be (-2)/s + 2109/114. What is the greatest common divisor of d and 270?
18
Let d be (-6755)/(-210) + 1/(-6). Suppose -31 = -n + d. Calculate the highest common factor of n and 18.
9
Let i(c) = -c**3 + 14*c**2 + 152*c - 63. Let u be i(21). What is the greatest common factor of u and 1918?
14
Let h = -1295 - -1305. What is the highest common divisor of 64 and h?
2
Suppose 2*k = -0*k + 84. Suppose 3*j + 9*m = 5*m - 5, 3*m = 3. Let a be 5 + j/6*(4 - 6). What is the highest common divisor of a and k?
6
Let q be (-1185)/10*((-33)/9 - -3). Let p = 268 - q. Calculate the greatest common divisor of p and 21.
21
Suppose -j + 5*y = -4*j + 319, -5*j = 2*y - 538. Let s = j - 77. Suppose -s = -7*x + 46. Calculate the highest common divisor of x and 209.
11
Let n be (-4)/18 + 11465/(-45). Let s be 16/12*n/(-10). Calculate the highest common factor of 10 and s.
2
Let o be ((-21)/6)/(1/14). Let u = -25 - o. Suppose 10263*w = 10286*w - 638 - 742. What is the highest common divisor of u and w?
12
Let l(k) = -18*k - 7. Let q be l(8). Suppose 0 = 13*i + 74 + 17. Let p be q/(-3) + i/21. Calculate the greatest common divisor of 10 and p.
10
Let k = -6902 + 6998. Calculate the highest common factor of 81 and k.
3
Suppose 5*f = 4*c + 7*f - 882, 3*c - 4*f = 689. Let b = 543 - c. What is the greatest common factor of b and 60?
20
Suppose -4*u = -184 - 572. Let q(y) = -1828*y - 12733. Let p be q(-7). Calculate the greatest common divisor of p and u.
63
Let q be 2/((12 - 5)/(-756)). Let m = -81 - q. Let o be (-2)/7 + (-107)/(-7). Calculate the highest common factor of o and m.
15
Let w be 3 + ((-1)/(-1))/(2*5/3370). Calculate the greatest common divisor of w and 145.
5
Let g = -45138 - -67446. Calculate the greatest common factor of g and 22.
22
Let v = -191 - -299. Let x be (4 - 184/28)*-63. What is the greatest common factor of v and x?
54
Suppose -6*j + 964 - 148 = 0. Let l be -3 + j - 6/3. Suppose -2*o = -o - 2, 3*u = -4*o + l. What is the greatest common factor of 328 and u?
41
Suppose 26 = 5*i + 3*d, 17 = 140*i - 137*i + 2*d. What is the greatest common divisor of 749 and i?
1
Suppose -57 = -21*a + 2*a. Suppose -a*s + 54 + 39 = 3*o, -34 = -s - 2*o. Calculate the greatest common divisor of s and 364.
28
Let f be 1 - -33 - (26 - 5). What is the highest common factor of 52039 and f?
13
Let j(h) = 120*h**2 - 317*h - 638. Let o be j(-2). Calculate the greatest common divisor of 896 and o.
28
Suppose 3*z + 101908 = 5*k, 2*k - 6*z - 40757 = -11*z. What is the highest common divisor of k and 89?
89
Suppose 67*l - 64*l = 153. Suppose l = a + 5*o - 80, -o = -3*a + 377. Calculate the highest common factor of 168 and a.
42
Let k be 48/(-88) + ((-42)/8)/(561/(-5508)). Suppose 3*s - 5 = -4*u, 23 = 4*s - 2*u + 9. Calculate the greatest common factor of s and k.
3
Suppose 35*p = 99*p + 253*p - 3170. Calculate the greatest common factor of 5770 and p.
10
Let q(l) = -4*l**3 - 11*l**2 - 2*l - 1. Let m be q(-7). Suppose 0 = 5*v - 3*c - m, -4*v - 852 = -9*v + c. What is the greatest common divisor of v and 9?
9
Let v = -123 - -127. Suppose v*y = -3*o + 109, -170 = -5*o + 2*y + 3*y. Calculate the highest common divisor of 140 and o.
35
Suppose 2*i - 4 = 0, -4*q + 3*i - 6 = -2*q. Suppose 2*t - 2*t + t = q. Suppose t = 3*x - 66 - 132. What is the highest common factor of 44 and x?
22
Suppose 0 = -0*l + 421*l - 85358 - 38416. Calculate the greatest common factor of l and 2842.
98
Let w be 8 + (-2)/(-1 - 21/(-14)) - -260. Calculate the greatest common divisor of w and 152.
8
Suppose -267*x + 269*x - 150 = -4*o, -215 = -5*o + 3*x. Calculate the highest common factor of 6392 and o.
8
Suppose 5*h - 43 = -4*f, 6 = -2*f - 4*h + 20. Suppose g + 0 = 3*i - f, 4*i - 4*g - 28 = 0. What is the highest common factor of 35 and i?
5
Let c(b) = -4*b**3 - 180*b**2 + 7*b + 440. Let f be c(-45). What is the highest common divisor of 135 and f?
5
Let l be (49/7 + -5)/(2/4). Let w be l + -8 + 1 + 73. What is the greatest common factor of 126 and w?
14
Suppose 4*x - c = 782, 5*x = 2*c + 45 + 937. What is the highest common factor of x and 3298?
194
Let p = -14603 - -15193. Calculate the greatest common factor of 300 and p.
10
Let q(f) = 70*f**3 + 2*f - 4. Suppose 64 = g + 63. Let c be q(g). Calculate the highest common factor of c and 8.
4
Let b(j) = -11*j**2 + 4*j + 198. Let h be b(0). What is the greatest common factor of 13992 and h?
66
Let z = 16221 + -16145. Calculate the highest common factor of z and 12.
4
Suppose 3*z + 6*z = -54. Let t(b) = -7*b + 10. Let u be t(z). Calculate the highest common divisor of 4 and u.
4
Let g be (-45)/(1395/62)*12/(1 - 3). Let s = 221 + -137. Calculate the greatest common factor of s and g.
12
Suppose -402*i = -401*i + 4*r - 8542, -4*r - 34228 = -4*i. Calculate the greatest common factor of i and 26.
26
Let q be ((-340)/60 + 6)/((-6)/(-162)). Suppose -2*k + 305 = 3*n, 0 = 2*n + 3*n - 5*k - 475. Calculate the greatest common factor of q and n.
9
Suppose 4466 = 53*w - 2159. What is the highest common divisor of w and 4525?
25
Suppose 4*a - 13